{"id":201,"date":"2012-08-28T15:20:19","date_gmt":"2012-08-28T13:20:19","guid":{"rendered":"https:\/\/2012.gdansk.wordcamp.org\/?page_id=201"},"modified":"2012-09-17T11:03:45","modified_gmt":"2012-09-17T09:03:45","slug":"reklamowki","status":"publish","type":"page","link":"https:\/\/gdansk.wordcamp.org\/2012\/reklamowki\/","title":{"rendered":"Reklam\u00f3wki"},"content":{"rendered":"<p>Nadszed\u0142 czas na udost\u0119pnienie WordCampowych reklam\u00f3wek :) Coraz bli\u017cej do konferencji, dlatego gor\u0105ca pro\u015bba. <strong>Bierzcie i id\u017acie WordCampa promowa\u0107<\/strong>. Aby wam pom\u00f3c przygotowali\u015bmy kilka form reklamowych, kt\u00f3re pomog\u0105 rozpropagowa\u0107 tegoroczne spotkanie.<\/p>\n<p><strong>Baner du\u017cy 750x250px<\/strong><\/p>\n<p><img loading=\"lazy\" decoding=\"async\" class=\"alignnone size-large wp-image-314\" src=\"https:\/\/2012.gdansk.wordcamp.org\/files\/2012\/09\/wcgda-bilboard-750x250-620x206.png\" alt=\"\" width=\"620\" height=\"206\" \/><\/p>\n<p class=\"pre-code\"><textarea cols=\"80\" rows=\"3\"><a href=\"https:\/\/2012.gdansk.wordcamp.org\" title=\"WordCamp Gda\u0144sk 2012\"><img decoding=\"async\" src=\"https:\/\/2012.gdansk.wordcamp.org\/files\/2012\/09\/wcgda-bilboard-750x250.png\" \/><\/a><\/textarea><\/p>\n<p>&nbsp;<\/p>\n<p><strong>Baner ma\u0142y 468x250px<\/strong><\/p>\n<p><img loading=\"lazy\" decoding=\"async\" class=\"alignnone size-full wp-image-307\" src=\"https:\/\/2012.gdansk.wordcamp.org\/files\/2012\/09\/wcgda-468x250.png\" alt=\"\" width=\"468\" height=\"250\" \/><\/p>\n<p class=\"pre-code\"><textarea cols=\"80\" rows=\"3\"><a href=\"https:\/\/2012.gdansk.wordcamp.org\" title=\"WordCamp Gda\u0144sk 2012\"><img decoding=\"async\" src=\"https:\/\/2012.gdansk.wordcamp.org\/files\/2012\/09\/wcgda-bilboard-wcgda-468x250.png\" \/><\/a><\/textarea><\/p>\n<p><strong>Du\u017ce buttony 250x300px &#8211; standard<\/strong><\/p>\n<table class=\"buttons-table\">\n<tbody>\n<tr>\n<td class=\"button-img\"><img loading=\"lazy\" decoding=\"async\" class=\"alignnone size-full wp-image-306\" src=\"https:\/\/2012.gdansk.wordcamp.org\/files\/2012\/08\/wcgda.png\" alt=\"\" width=\"249\" height=\"299\" \/><\/td>\n<td class=\"button-code\">\n<textarea cols=\"30\" rows=\"5\"><a href=\"https:\/\/2012.gdansk.wordcamp.org\" title=\"WordCamp Gda\u0144sk 2012\"><img loading=\"lazy\" decoding=\"async\" src=\"https:\/\/2012.gdansk.wordcamp.org\/files\/2012\/08\/wcgda.png\" alt=\"\" width=\"250\" height=\"300\" \/><\/a><\/textarea>\n<\/td>\n<\/tr>\n<tr>\n<td class=\"button-img\"><img loading=\"lazy\" decoding=\"async\" class=\"alignnone size-full wp-image-305\" src=\"https:\/\/2012.gdansk.wordcamp.org\/files\/2012\/08\/wcgda-uczestnik.png\" alt=\"\" width=\"249\" height=\"299\" \/><\/td>\n<td class=\"button-code\">\n<textarea cols=\"30\" rows=\"5\"><a href=\"https:\/\/2012.gdansk.wordcamp.org\" title=\"WordCamp Gda\u0144sk 2012\"><img loading=\"lazy\" decoding=\"async\" src=\"https:\/\/2012.gdansk.wordcamp.org\/files\/2012\/08\/wcgda-uczestnik.png\" alt=\"\" width=\"250\" height=\"300\" \/><\/a><\/textarea>\n<\/td>\n<\/tr>\n<tr>\n<td class=\"button-img\"><img loading=\"lazy\" decoding=\"async\" class=\"alignnone size-full wp-image-311\" src=\"https:\/\/2012.gdansk.wordcamp.org\/files\/2012\/08\/wcgda-prelegent.png\" alt=\"\" width=\"249\" height=\"299\" \/><\/td>\n<td class=\"button-code\">\n<textarea cols=\"30\" rows=\"5\"><a href=\"https:\/\/2012.gdansk.wordcamp.org\" title=\"WordCamp Gda\u0144sk 2012\"><img loading=\"lazy\" decoding=\"async\" src=\"https:\/\/2012.gdansk.wordcamp.org\/files\/2012\/08\/wcgda-prelegent.png\" alt=\"\" width=\"250\" height=\"300\" \/><\/a><\/textarea>\n<\/td>\n<\/tr>\n<\/tbody>\n<\/table>\n<p><strong>Ma\u0142e buttony 125x125px &#8211; standard<\/strong><\/p>\n<table class=\"buttons-table\">\n<tbody>\n<tr>\n<td class=\"button-img\"><img loading=\"lazy\" decoding=\"async\" class=\"alignnone size-full wp-image-306\" src=\"https:\/\/2012.gdansk.wordcamp.org\/files\/2012\/08\/wcgda-wybieram-125x125.png\" alt=\"\" width=\"125\" height=\"125\" \/><\/td>\n<td class=\"button-code\">\n<textarea cols=\"30\" rows=\"5\"><a href=\"https:\/\/2012.gdansk.wordcamp.org\" title=\"WordCamp Gdansk2012\"><img loading=\"lazy\" decoding=\"async\" src=\"https:\/\/2012.gdansk.wordcamp.org\/files\/2012\/08\/wcgda-wybieram-125x125.png\" alt=\"\" width=\"125\" height=\"125\" \/><\/a><\/textarea>\n<\/td>\n<\/tr>\n<tr>\n<td class=\"button-img\"><img loading=\"lazy\" decoding=\"async\" class=\"alignnone size-full wp-image-305\" src=\"https:\/\/2012.gdansk.wordcamp.org\/files\/2012\/08\/wcgda-prelegent-125x125.png\" alt=\"\" width=\"125\" height=\"125\" \/><\/td>\n<td class=\"button-code\">\n<textarea cols=\"30\" rows=\"5\"><a href=\"https:\/\/2012.gdansk.wordcamp.org\" title=\"WordCamp Gdans2012\"><img loading=\"lazy\" decoding=\"async\" src=\"https:\/\/2012.gdansk.wordcamp.org\/files\/2012\/08\/wcgda-prelegent-125x125.png\" alt=\"\" width=\"125\" height=\"125\" \/><\/a><\/textarea>\n<\/td>\n<\/tr>\n<\/tbody>\n<\/table>\n<p><strong>Du\u017ce buttony 250x300px &#8211; alternatywa<\/strong><\/p>\n<table class=\"buttons-table\">\n<tbody>\n<tr>\n<td class=\"button-img\"><img loading=\"lazy\" decoding=\"async\" class=\"alignnone size-full wp-image-309\" src=\"https:\/\/2012.gdansk.wordcamp.org\/files\/2012\/08\/wcgda-jade-pic1.png\" alt=\"\" width=\"250\" height=\"300\" \/><\/td>\n<td class=\"button-code\"><textarea cols=\"30\" rows=\"5\"><a href=\"https:\/\/2012.gdansk.wordcamp.org\" title=\"WordCamp Gda\u0144sk 2012\"><img loading=\"lazy\" decoding=\"async\" src=\"https:\/\/2012.gdansk.wordcamp.org\/files\/2012\/08\/wcgda-jade-pic1.png\" alt=\"WordCamp Gda\u0144sk 2012\" width=\"250\" height=\"300\" \/><\/a><\/textarea><\/td>\n<\/tr>\n<tr>\n<td class=\"button-img\"><img loading=\"lazy\" decoding=\"async\" class=\"alignnone size-full wp-image-310\" src=\"https:\/\/2012.gdansk.wordcamp.org\/files\/2012\/08\/wcgda-paczal1.png\" alt=\"\" width=\"250\" height=\"300\" \/><\/td>\n<td class=\"button-code\"><textarea cols=\"30\" rows=\"5\"><a href=\"https:\/\/2012.gdansk.wordcamp.org\" title=\"WordCamp Gd\u0144sk 2012\"><img loading=\"lazy\" decoding=\"async\" src=\"https:\/\/2012.gdansk.wordcamp.org\/files\/2012\/08\/wcgda-paczal1.png\" alt=\"WordCamp Gda\u0144sk 2012\" width=\"250\" height=\"300\" \/><\/a><\/textarea><\/td>\n<\/tr>\n<tr>\n<td class=\"button-img\"><img loading=\"lazy\" decoding=\"async\" class=\"alignnone size-full wp-image-322\" src=\"https:\/\/2012.gdansk.wordcamp.org\/files\/2012\/08\/wcgda-spiker.png\" alt=\"\" width=\"249\" height=\"299\" \/><\/td>\n<td class=\"button-code\"><textarea cols=\"30\" rows=\"5\"><a href=\"https:\/\/2012.gdansk.wordcamp.org\" title=\"WordCamp Gda\u0144sk 2012\"><img loading=\"lazy\" decoding=\"async\" src=\"https:\/\/2012.gdansk.wordcamp.org\/files\/2012\/08\/wcgda-spiker.png\" alt=\"WordCamp Gda\u0144sk 2012\" width=\"250\" height=\"300\" \/><\/a><\/textarea><\/td>\n<\/tr>\n<\/tbody>\n<\/table>\n<p><strong>Ma\u0142e buttony 125x125px &#8211; alternatywa<\/strong><\/p>\n<table class=\"buttons-table\">\n<tbody>\n<tr>\n<td class=\"button-img\"><img loading=\"lazy\" decoding=\"async\" class=\"alignnone size-full wp-image-306\" src=\"https:\/\/2012.gdansk.wordcamp.org\/files\/2012\/08\/wcgda-pic-125x125.png\" alt=\"\" width=\"125\" height=\"125\" \/><\/td>\n<td class=\"button-code\">\n<textarea cols=\"30\" rows=\"5\"><a href=\"https:\/\/2012.gdansk.wordcamp.org\" title=\"WordCamp Gda\u0144sk 2012\"><img loading=\"lazy\" decoding=\"async\" src=\"https:\/\/2012.gdansk.wordcamp.org\/files\/2012\/08\/wcgda-pic-125x125.png\" alt=\"\" width=\"125\" height=\"125\" \/><\/a><\/textarea>\n<\/td>\n<\/tr>\n<tr>\n<td class=\"button-img\"><img loading=\"lazy\" decoding=\"async\" class=\"alignnone size-full wp-image-305\" src=\"https:\/\/2012.gdansk.wordcamp.org\/files\/2012\/08\/wcgda-paczal-125x125.png\" alt=\"\" width=\"125\" height=\"125\" \/><\/td>\n<td class=\"button-code\">\n<textarea cols=\"30\" rows=\"5\"><a href=\"https:\/\/2012.gdansk.wordcamp.org\" title=\"WordCamp Gda\u0144sk 2012\"><img loading=\"lazy\" decoding=\"async\" src=\"https:\/\/2012.gdansk.wordcamp.org\/files\/2012\/08\/wcgda-paczal-125x125.png\" alt=\"\" width=\"125\" height=\"125\" \/><\/a><\/textarea>\n<\/td>\n<\/tr>\n<tr>\n<td class=\"button-img\"><img loading=\"lazy\" decoding=\"async\" class=\"alignnone size-full wp-image-305\" src=\"https:\/\/2012.gdansk.wordcamp.org\/files\/2012\/08\/wcgda-spiker-125x125.png\" alt=\"\" width=\"125\" height=\"125\" \/><\/td>\n<td class=\"button-code\">\n<textarea cols=\"30\" rows=\"5\"><a href=\"https:\/\/2012.gdansk.wordcamp.org\" title=\"WordCamp Gda\u0144sk 2012\"><img loading=\"lazy\" decoding=\"async\" src=\"https:\/\/2012.gdansk.wordcamp.org\/files\/2012\/08\/wcgda-spiker-125x125.png\" alt=\"\" width=\"125\" height=\"125\" \/><\/a><\/textarea>\n<\/td>\n<\/tr>\n<\/tbody>\n<\/table>\n<p>Potrzebujesz innej formy reklamowej, innych rozmiar\u00f3w? Postaramy si\u0119 pom\u00f3c.<br \/>\n<a href=\"https:\/\/2012.gdansk.wordcamp.org\/kontakt\/\" title=\"Kontakt\">Napisz do nas!<\/a><\/p>\n","protected":false},"excerpt":{"rendered":"<p>Nadszed\u0142 czas na udost\u0119pnienie WordCampowych reklam\u00f3wek :) Coraz bli\u017cej do konferencji, dlatego gor\u0105ca pro\u015bba. Bierzcie i id\u017acie WordCampa promowa\u0107. Aby wam pom\u00f3c przygotowali\u015bmy kilka form reklamowych, kt\u00f3re pomog\u0105 rozpropagowa\u0107 tegoroczne spotkanie. Baner du\u017cy 750x250px &nbsp; Baner ma\u0142y 468x250px Du\u017ce buttony &hellip; <a href=\"https:\/\/gdansk.wordcamp.org\/2012\/reklamowki\/\">Czytaj dalej <span class=\"screen-reader-text\">Reklam\u00f3wki<\/span>  <span class=\"meta-nav\">&rarr;<\/span><\/a><\/p>\n","protected":false},"author":7521817,"featured_media":0,"parent":0,"menu_order":0,"comment_status":"closed","ping_status":"closed","template":"","meta":{"jetpack_post_was_ever_published":false,"footnotes":""},"class_list":["post-201","page","type-page","status-publish","hentry"],"jetpack_sharing_enabled":false,"jetpack_shortlink":"https:\/\/wp.me\/P2GnQ0-3f","_links":{"self":[{"href":"https:\/\/gdansk.wordcamp.org\/2012\/wp-json\/wp\/v2\/pages\/201","targetHints":{"allow":["GET"]}}],"collection":[{"href":"https:\/\/gdansk.wordcamp.org\/2012\/wp-json\/wp\/v2\/pages"}],"about":[{"href":"https:\/\/gdansk.wordcamp.org\/2012\/wp-json\/wp\/v2\/types\/page"}],"author":[{"embeddable":true,"href":"https:\/\/gdansk.wordcamp.org\/2012\/wp-json\/wp\/v2\/users\/7521817"}],"replies":[{"embeddable":true,"href":"https:\/\/gdansk.wordcamp.org\/2012\/wp-json\/wp\/v2\/comments?post=201"}],"version-history":[{"count":44,"href":"https:\/\/gdansk.wordcamp.org\/2012\/wp-json\/wp\/v2\/pages\/201\/revisions"}],"predecessor-version":[{"id":715,"href":"https:\/\/gdansk.wordcamp.org\/2012\/wp-json\/wp\/v2\/pages\/201\/revisions\/715"}],"wp:attachment":[{"href":"https:\/\/gdansk.wordcamp.org\/2012\/wp-json\/wp\/v2\/media?parent=201"}],"curies":[{"name":"wp","href":"https:\/\/api.w.org\/{rel}","templated":true}]}}